e -35 + (-13 - -138) + -25 - (2 - -2 - 4).
65
Calculate -477 + 452 - (-1 - (0 - -19)).
-5
Evaluate 92 - ((40 - 28) + 153).
-73
What is (90 - (93 - 21)) + 43?
61
(-31 + 33 - -11 - (66 - (4 + 1))) + 13
-35
1 + 5 + (-1517 - -1504) + (1 - (-2 - 51))
47
What is the value of (0 - (-3 + 2)) + (24 - (11 - 13 - -127))?
-100
Calculate 10 + -22 + 7 - ((35 - 89) + -4).
53
-90 + (79 - 165) + 171
-5
Calculate 7 + (17 - (7 + -12) - 8).
21
What is 292 + -293 + 5 + -2 + -15 - (-88 - -4)?
71
What is the value of (-1 - -20) + (24 - (2 + 49))?
-8
-69 + (-49 - -62) + -2
-58
Calculate -3 + 13 - (-12 - -17 - -14) - (0 + -59).
50
What is the value of -10 + -8 + 32 + (-119 - -53)?
-52
(44 - (21 + -23)) + -6
40
What is -2330 + 2374 - (17 + (-3 - -2))?
28
-11 + 6 + (10 - 19) + 17 + -4 + 4
3
What is -79 + (13 - -11 - 21)?
-76
Calculate -2 - (9 + -10) - (58 + 3 + (8 - -3)).
-73
44 - (-7 + 1 - (-10 + 15 - -1))
56
What is 22 - ((-1 - -8) + -42 + (60 - 24))?
21
(-32 - -106) + -131 - -108
51
Evaluate 101 + -61 - -93 - 26.
107
Calculate (2 - 83) + 241 + -85.
75
Calculate -43 - ((8 - -34) + -31 + 2).
-56
What is the value of -129 + (203 - 83 - 59)?
-68
Evaluate -76 - (-270 - -184) - (0 + 12).
-2
Evaluate (16 - -3) + -25 + 43 + 46 - (9 + 4).
70
Evaluate (35 - -110) + -45 - 72.
28
What is (1 - 7) + 6 + -11 + -3 + 20?
6
7 + (0 - (10 + -22) - 8 - 10) + -1
0
Evaluate -17 + -10 + 12 + 2 + -2 - -35.
20
-69 + 14 + (-23 - (11 + -2))
-87
Evaluate 7 - (-4 + 14 + -1 - 14) - -25.
37
What is the value of (9 - 7) + -13 + (26 - 34)?
-19
What is the value of 11 + -7 + -3 + 2 - ((4 - -7) + -15)?
7
What is (-8 - (-2 + 9 - 18)) + 9?
12
Evaluate 14 - (0 - -1) - (69 - 187 - -98).
33
What is the value of -88 + 262 + -38 + 18 - 27?
127
(138 - (16 + -8)) + 64 + -80
114
Calculate -17 + -53 + 8 + 45.
-17
Evaluate 20 + -132 + 71 + 0.
-41
Calculate 58 - (18 + 16 + -17 + -27 - 3).
71
-59 + 32 + (59 - 43)
-11
Evaluate (-6 + -38 - 3) + 118 + -226.
-155
(284 - 503) + 169 - ((-3 - (1 - 2)) + 1)
-49
What is the value of 9 + ((0 - -2) + -46 + -17 + 16 - -9)?
-27
Evaluate 85 + -1 + -3 - (-167 + 176).
72
What is -171 + (-101 - -170) + 18?
-84
What is -10 + (10 - (28 - 76))?
48
122 + -27 - 38 - (0 + 15)
42
What is -16 + -2 - (15 - (10 - ((-1 - -5) + 2)))?
-29
What is the value of (-6 - 0) + (-18 - 0 - (-1023 - -1013))?
-14
What is the value of 14 + (22 + -31 - -14) - (-17 + -4)?
40
Calculate 11 + (-17 - (-3 + -11 - (7 - (19 + -10)))).
6
What is 0 - (-19 + -10 + 14) - -20?
35
77 - (48 + -26) - 45
10
Calculate -3 - -96 - (568 - 550).
75
Evaluate 7 - 9 - ((-20 - -26 - 77) + 13).
56
Calculate 123 + -3 + -1 + (-21 + 16 + -18 - -18).
114
What is the value of 19 - (-15 + (10 + -13 - -26) - 2) - 110?
-97
Evaluate -63 - 57 - -179 - 99.
-40
What is the value of (2 - (8 - 4) - 11) + 7 + -50?
-56
What is 32 - ((4 - -27) + -16 + 0)?
17
What is -30 + -26 + 43 + (-1 - -54) + 11?
51
What is the value of 41 - 1 - (-310 + 388) - 94?
-132
What is the value of 1 - 17 - (86 + (-26 - -42) + -54)?
-64
Calculate -30 - (-30 - 10) - 12.
-2
Calculate 53 - (13 + (-1 - 7) + 5 + -6).
49
Calculate -38 + 13 + (5 + -8 - -13) + -38.
-53
Calculate -2 + -6 - (60 - (58 + 46)).
36
Calculate -3 + 3 - 25 - (-77 + -125 - -208).
-31
Evaluate 41 + (-1 - (3 + 0)) + (59 - (46 - -4)).
46
What is the value of (0 - -12) + (0 + -37 - (-114 - (-203 + 131)))?
17
(-32 + 19 - -10) + -20
-23
What is (17 - 1 - 8) + (-6 + 12 - 38) + -10?
-34
Evaluate (17 - 2) + -6 + -4 - (3 - -1).
1
What is the value of -420 + 363 - (-19 - (-1 - -1))?
-38
(-15 - (-8 + -5) - 1 - 31) + (-3 - -1)
-36
What is the value of -14 + (1 + 4 + 7 - (29 + -11))?
-20
Calculate -7 + (18 - 20 - -141).
132
Evaluate 2 + 53 + (5 - 1) + -77 + 72.
54
Evaluate -3 - ((42 - 72) + (0 - 8) + -2).
37
Evaluate 9 + -23 + (11 + (2 - -14) - -5).
18
What is -19 - (30 - (8 - (-16 - -3)))?
-28
What is the value of 26 + 39 + (-65 - -38)?
38
What is (0 - 14) + 0 + 20 + 230 + -245 - 4?
-13
What is (-6 - 1 - 3) + 72 + -25?
37
Calculate -15 + (44 + 14 - 53).
-10
Evaluate 25 - (-3 - 37) - 25.
40
Evaluate 69 + -88 + (30 - 86).
-75
(-15 - -6 - -12) + -2 + -13 + 38
26
Calculate -6 + (-127 + 117 - ((-28 - -4 - 3) + 1)).
10
Evaluate 110 + -43 + (1 - -1) + (11 - 12) + -8.
60
Evaluate (516 - 554) + (-1 - 2) + 8.
-33
2761 + -2727 - (6 - 48 - 4)
80
Evaluate -49 + -17 + 47 + -20.
-39
48 + -4 - (-751 + 820)
-25
What is ((35 - 17) + -5 - 8) + (1 - -24)?
30
What is the value of -15 + -9 - -14 - 60?
-70
-82 - (-44 - (0 + -1))
-39
2 + 63 + 0 + (0 - (-19 + 28))
56
What is the value of (-2 - -1 - (-49 + (-12 - 9))) + (-9 - -11)?
71
(-28 + 53 + 30 - 61) + (1 + -27 - 0)
-32
15 - (-36 + 1 + (489 - 472))
33
(87 - 2) + -7 - (-16 + (20 - (2 - -4)))
80
What is the value of (0 - 22) + (-237 - -115) + 173?
29
What is 3620 + -3607 + 0 + 84?
97
What is the value of -18 + (-24 - 7 - -54) - -17?
22
What is 4 + 99 + -89 + 205 + -149?
70
What is -46 + 56 + -53 + (-26 - 4) + 12?
-61
Evaluate -10 + (-7 - (-11 - 58 - -42)).
10
9 - (52 + (0 - (4 - 14)) + -11)
-42
Evaluate -93 - (-4 + -13) - (-14 - (0 + -16)).
-78
(41 - 53 - (-1 + -36) - 14) + 25
36
23 + (5 - (-8 + -9)) - (-13 + 2 - 2)
58
What is -160 - ((-46 - -15) + -13)?
-116
Evaluate -2 + (-2 - 2) + -5 + 3 + 0 + 21.
13
Calculate -2 - -68 - (-684 + 698).
52
What is the value of (32 - 112) + 21 + 7 + -7 + 0?
-59
Evaluate -44 - (45 - 62 - -15).
-42
(85 - (38 - -3)) + 3
47
Calculate (39 - 14) + -15 - 20 - (52 - -7).
-69
2 + 2 + 10 + (25 - (37 - -23))
-21
What is (23 - (81 + -33)) + 34 + 1?
10
Evaluate 131 - 157 - (13 - -2).
-41
Evaluate (-6 - 47 - -66) + (-1 + (-7 - 1) - -2).
6
Evaluate (-1 - (58 + -1 + 0)) + (-268 - (-132 - 123)).
-71
Evaluate -2 + 7 + -4 - (-10 - (9 + -12 - -12)).
20
(164 - 110 - 19) + (-10 - (0 + -1))
26
18 + -7 - 27 - (112 + -143) - (1 - 113)
127
What is -28 - (-51 + 11 + 32)?
-20
25 - ((-1 - 6) + 58)
-26
19 + 11 + -35 - 19 - -24
0
Calculate 0 - 31 - (15 - ((31 - 60) + 42)).
-33
Calculate 24 + 14 + 7 + -9 + -4 + -7.
25
Calculate -1 + -4 + 30 + -18 + (1 - 8) + 11.
11
Calculate -1363 + 1401 - (2 + 58).
-22
What is the value of 7 + (-1 - -3) + -202 + 190 - (126 - 3)?
-126
-82 + -40 + 10 + 1 - (8 + 2)
-121
What is -1327 + 1266 - (3 - 55)?
-9
What is the value of (-1 - (-12 + -2 - -3)) + (-100 - -66 - 13)?
-37
Evaluate (182 - -2) + (-1039 - -936).
81
Calculate (18 - (-4 - 6 - (-25 + 1))) + -14 - -11.
1
What is the value of -1 - (1 + -28) - (341 + -333) - 8 - -71?
81
9 - ((41 - 27) + (-8 + 10 - 0))
-7
What is 37 + 75 + -84 + 22?
50
Calculate 80 + -23 + -75 - -62.
44
What is (-93 + -63 - -123) + -35?
-68
-95 + (-69 - -117) + 74
27
Evaluate (-5 - 15 - (-17 - 7)) + -40.
-36
What is -71 - -76 - 31 - 35?
-61
Evaluate (11 + 14 - 11) + (-4 - 2) + (-4 - -19).
23
Evaluate (4 - 1) + (-10 - (-81 - -84)).
-10
Evaluate (1 - 3) + 16 + 36 + (-191 - -42).
-99
Evaluate (-19 + -19 - 9 - 11) + -1.
-59
Calculate -39 - (-42 - -75) - (-13 + 34).
-93
-14 - -3 - (-7 + 12 - 13 - -24)
-27
What is the value of (-19 - -1) + (42 - 49) + 36?
11
Calculate 13 - (-24 + 12 + 12 - -6).
7
(-6 - -10) + -28 - (-21 + 26 - 13)
-16
(152 + -191 - ((0 - -4) + -2 + -10)) + 9
-22
-4 - (180 + -135 + 4 + (0 - 2) + 3)
-54
What is the value of -197 - -180 - (-5 - (7 - -5))?
0
What is the value of (-357 - -335 - (0 + 9)) + -14?
-45
0 + 11 + (-14 - (29 - 17))
-15
Calculate 6 + (-9 + 13 - (-31 - 2)) + 26 + -37.
32
Calculate -7 - (-1 + -32 + 640 + -645).
31
Calculate (8 + -48 + 21 + 15 - (2 + 0)) + 61.
55
Calculate (-200 - -73) + (-124 - -158).
-93
-223 - -235 - (88 + -9)
-67
What is the value of -3 - 3 - (3 + (-3 - 5) - -3)?
-4
Evaluate -27 + -36 + 34 - (-4 - 0).
-25
What is the value of 16 + -127 + (0 - 7) + (24 - (3 + 19))?
-116
What is the value of (0 - -8) + (-83 - (-11 - (-16 - -27) - -3))?
-56
Calculate 9 + (3 + -2 - (2 - -5)) + 35 + -5.
33
What is the value of -15 + (-571 + 552 - (-22 + -1))?
-11
Evaluate -172 + -54 - (45 - 154).
-117
111 - 51 - (46 + -10)
24
22 - (-4 - -65) - (0 - 9)
-30
Evaluate 0 - 22 - (417 + -453).
14
38 + 7 + -11 - -8 - ((4 - 5) + 8)
35
Evaluate 14 + 36 + -46 + -4 + -80.
-80
Calculate -9 + (-70 + 77 - -42).
40
What is the value of -149 + 81 - (-95 - 32)?
59
-11 - (6 - 14) - -10 - -73
80
Calculate -107 - (-14 + 17 + (-11 - (-6 - -14)) + 15).
-106
What is (8 - 0) + -9 + (11 - -5) + -61 + 68?
22
Calculate 6 + (20 + -3